t the prime factors of i.
2, 7
List the prime factors of ((-2570)/4)/((-2550)/140760).
2, 3, 23, 257
What are the prime factors of (1350069/42 - -8) + (-1 - 1)/4?
2, 4019
Let l = 71 + -77. Let u be 3/l*(-104)/(-4). List the prime factors of (u + 6)/((-2)/26).
7, 13
Suppose 5*g + 616 = 176. Suppose -147*u + 238 = -154*u. Let y = u - g. What are the prime factors of y?
2, 3
Let z be (((-331904)/56)/(-4))/(6/21). Suppose 6*y - z = 790. What are the prime factors of y?
2, 3, 83
What are the prime factors of (-4)/8*-13834*(5 - 2 - 2)?
6917
Let y(c) = 12*c - 34. Let j be y(-8). List the prime factors of (-2)/(-13) - 2*29110/j.
2, 7
List the prime factors of 8222*(4/7)/(24/63).
3, 4111
Let v(q) = 7*q**3 + 10*q**2 - 163*q + 43. List the prime factors of v(10).
11, 53
Suppose -57*r + 9*r = 3*r - 369189. What are the prime factors of r?
3, 19, 127
Let p = 40 - 38. Suppose -3*f - 2*y = -13, p*f - 8*y + 3*y = 15. Suppose -n = -2*q - 8, -7 = -4*n - f*q - 1. What are the prime factors of n?
2
Suppose m + 10808 = -3*v + 222827, 0 = -5*v + m + 353365. What are the prime factors of v?
29, 2437
List the prime factors of 646/(((-6 - (-1636)/272)*-4)/(-1)).
2, 17, 19
Suppose c = -2*a + 27, 0*a - 2*a + 31 = -3*c. Let l(h) = h**3 - 15*h**2 + 18*h - 15. Let g be l(a). Suppose -i + 0*i = -g. List the prime factors of i.
41
Let i = 30046 - 17698. Suppose 45*t - i = 36*t. What are the prime factors of t?
2, 7
Let p(a) = -a**2 + 17*a + 10. Suppose 5*g + 50 = 6*g. Let d = g - 37. List the prime factors of p(d).
2, 31
Suppose 4*s + 5 = 13. Suppose -s*q + 21 = q. Suppose -155 - q = -3*z. What are the prime factors of z?
2, 3
Suppose -3*u + 31 + 17 = 0. Suppose -g + d + 4 = 0, -4*g + 5*d + u = -0. Suppose -3*t - 2*b = -135, 5*t - g*b + 45 = 6*t. List the prime factors of t.
3, 5
Let l = 253 - 374. Let i = 5 - l. Suppose 0*b + i = 2*b. What are the prime factors of b?
3, 7
Suppose 0*k - 2*k + 5*q - 383 = 0, 0 = 2*k - 4*q + 382. List the prime factors of 2/(-6)*-3 - (10 + k).
2, 3, 5
List the prime factors of -7 + 135/18 - 1558137/(-42).
23, 1613
Let m(x) = x**2 + 9*x - 34. Let j be m(-12). Suppose -169 = -j*y + 5*f + 56, -4*y + 443 = -3*f. What are the prime factors of y?
2, 5, 11
Let o(z) = z**2 - 4*z + 6. Let n be o(7). Suppose -4*g = -n + 19. Suppose 0 = -3*h - g*l + 48, -3*h + 3*l = 2*l - 57. List the prime factors of h.
2, 3
Let a(k) = k**3 - 6*k**2. Let x be a(6). Suppose -4*r + x*r = -o + 180, -2*o = 0. What are the prime factors of (-2040)/r + 8/(-6)?
2, 11
Let n = -51 - -111. Suppose -11*z - n = 17. Let f(y) = 2*y**2 - y - 23. What are the prime factors of f(z)?
2, 41
Suppose 3*r - r = -5*d + 21, -4*d = 5*r - 10. Suppose 5*u + 3*o = -968, 83 + 289 = -2*u - d*o. Let m = -93 - u. List the prime factors of m.
103
Let r(q) = -4*q + 2. Let p(t) = t**3 - 4*t**2 - 3*t + 2. Suppose 20 = 2*x + 3*x. Let a be p(x). List the prime factors of r(a).
2, 3, 7
Suppose 3*d - 1744 = 5*q - 5297, -4*d + 1442 = 2*q. Let m = q - 379. List the prime factors of m.
2, 167
Let k(b) = 38*b - 27. Let d = 21 - 14. What are the prime factors of k(d)?
239
Let f(w) = 9*w - 26. Let k(u) = u**2 - 10*u + 14. Let m be k(9). Suppose n = m*b - 11 + 33, -4*n - 4*b = -16. What are the prime factors of f(n)?
37
Let l = -6199 + 10849. List the prime factors of l.
2, 3, 5, 31
Let c be (-6)/(-15) - (-3 + 2/5). Suppose c*v - 1425 = -5*d, -3*d + 25*v + 856 = 27*v. What are the prime factors of d?
2, 3, 47
Let z(b) = -b**2 - b + 1. Let g be z(2). List the prime factors of g/((-30)/(-387))*(-100)/15.
2, 5, 43
Let t = 34 + -34. Let f be -2 - ((2 - t) + -6). Suppose -f*j = -0*j - 104. What are the prime factors of j?
2, 13
Let f = 57 + -54. Suppose -2*d + 18 = -f*h + 2*h, 0 = 2*d - 5*h - 2. Suppose d*a = 6*a + 500. What are the prime factors of a?
2, 5
Let c be (5/2 - 2)/((-3)/(-24)). Suppose c*k + 5*b = 6*b + 1860, -5*k + 2350 = 5*b. What are the prime factors of k?
2, 233
Suppose 5*y = -5*v + 39765, -3*y = -2*v + 5098 + 10808. List the prime factors of v.
3, 11, 241
Let v be 0 + 10*(-3 + 14/4). Let g(y) = 5 - 2 - 5*y**3 + 3*y**3 - 6*y + v*y**3 + y**2. List the prime factors of g(3).
3, 5
Let u = -3 + 7. Let m be (-4)/(-16)*u*2. List the prime factors of -2*m + (-350)/(-7).
2, 23
Let z(f) = f**3 - 19*f**2 - 6*f + 17. Let c be z(20). List the prime factors of (9/(c/(-2002)))/((-4)/18).
3, 7, 13
What are the prime factors of 20718 - ((-390)/(-104))/(6*3/24)?
7, 11, 269
Let a(b) be the second derivative of 2/3*b**4 + 0 - 3/2*b**2 - 1/6*b**3 - 10*b. What are the prime factors of a(2)?
3
Let j be (-3*2 - -3)*8/(-6). Suppose j*r + 176 = 1288. Suppose -r - 556 = -6*a. List the prime factors of a.
139
Let u = -220 - -415. List the prime factors of (1 - (-1)/(10/u))*2.
41
What are the prime factors of -1*1/(-1)*(-33 + 32) - -16817?
2, 1051
Let p(w) = -w**2 + 35*w - 11. Let n(q) = -q**2 - 2*q + 78. Let x be n(7). What are the prime factors of p(x)?
17
Suppose 2*n = -2*n + 16. Suppose n*w + 2*v = 5*w + 3, 2*v = 0. List the prime factors of (1/1)/(w*(-3)/486).
2, 3
Suppose 5*j = 4*a + 73, -a + 5*a + 3*j + 97 = 0. Let r be (1 - a/(-10))*10/(-3). Suppose r*b + 213 = 7*b. List the prime factors of b.
71
Suppose 2*b - 105 = -19*b. Suppose b*w - p = 3123, -3*w + 1867 = 2*p - 6*p. List the prime factors of w.
5
Let i(h) be the second derivative of 83*h**3/6 - 15*h**2 - 180*h - 1. What are the prime factors of i(7)?
19, 29
Suppose -15 = -4*h + 3*b, 4*b + 15 + 5 = -5*h. Suppose 4*c - 33 + 1 = h. List the prime factors of (-33)/(-4) - 2/c.
2
What are the prime factors of ((-55)/275)/(2/(-5))*12772?
2, 31, 103
Let w be -2 + (1 - -5)/(-2) + 204. Suppose -y = -2*v - w - 468, 5*y + 4*v = 3349. What are the prime factors of y?
3, 223
Let x be (-7)/(9 + 12) + 149/(-3). What are the prime factors of (-13066)/(-10) + x/(-125)?
1307
Let q = -352 + 160. Let u = -183 - -81. Let d = u - q. What are the prime factors of d?
2, 3, 5
Let l = 4470 + -4744. Suppose -446 = 2*k - 86. Let j = k - l. What are the prime factors of j?
2, 47
Let o(q) = 164*q + 440. What are the prime factors of o(39)?
2, 1709
Suppose -28*g - 78 = -34*g. Let f(a) = 3*a**2 - 2*a - 29. What are the prime factors of f(g)?
2, 113
Let a = -3707 + 7156. Suppose q - d = 1244, 5*q - 2761 = 3*d + a. What are the prime factors of q?
3, 7, 59
Suppose 2656 = -3*o + 11*o. Let r = o + -188. What are the prime factors of r?
2, 3
Let p = 31 - 29. Suppose 2*d = p*r - 4 - 0, d = -r. List the prime factors of (-2 + d - -5)/(1/10).
2, 5
Suppose -4*u + 63608 = -4*s - 10804, 5*u - 93011 = 4*s. What are the prime factors of u?
7, 2657
Suppose -h - 741 = -3236. Let d = h + -1459. Suppose 5*p = d - 376. What are the prime factors of p?
2, 3, 11
Suppose 108*p = -62*p + 11611340. What are the prime factors of p?
2, 13, 37, 71
Let y = 87988 + -50207. List the prime factors of y.
37781
Let g = -7935 - -24106. List the prime factors of g.
103, 157
Let v be ((-10)/15)/((-8)/36). Let o(s) = 9*s**3 + 5*s**2 - 5*s + 5. What are the prime factors of o(v)?
2, 139
Suppose 137625 - 989421 = -33*d. List the prime factors of (64/(-5))/(d/1845 - 14).
2, 41
What are the prime factors of (-10)/125 - -224481*12/900?
41, 73
Suppose -27*u = -31*u + 5184. Let h = u + -361. What are the prime factors of h?
5, 11, 17
Let w(d) = d**2 + 6*d - 131. Let p be w(11). Let h = -13 - 6. Let g = p + h. List the prime factors of g.
37
Let v(u) = -45*u**2 + 4*u - 3*u + 1 - 12*u**2 - 38*u**2. Let h be v(-1). List the prime factors of (-1 + 2)*h/(-5).
19
Suppose -4*x + 5*n = 37, 0 = 3*x - 4*n + 3*n + 36. Let q = -10 - x. Suppose q*k = 26 + 16. List the prime factors of k.
2, 7
Suppose 5*i - 4 = -2*b, 0*i + 15 = 3*b + 3*i. Let t(o) be the first derivative of 9*o**2/2 + 23*o + 499. List the prime factors of t(b).
2, 43
Let h be (2 + -1)/(-4 - (-1396)/348). Let q = 37 - h. Let y = 45 - q. List the prime factors of y.
5, 19
Let a = 1943 - 1103. Let p = a + -503. List the prime factors of p.
337
Let t = 72 - -355. Suppose 0 = -2*q - u + 835, 0 = -4*q + 5*u + 1250 + t. What are the prime factors of q?
2, 11, 19
Suppose 834922 = 851*v - 407*v - 422*v. What are the prime factors of v?
37951
Let t be -2 + (-7)/((-35)/20) + -2. What are the prime factors of t + (-6495)/(-20) - (-10)/8?
2, 163
Suppose -6*b + 10*b - 110493 = -h, h = 6*b - 165727.